{"id":637,"date":"2021-03-21T12:31:39","date_gmt":"2021-03-21T11:31:39","guid":{"rendered":"https:\/\/slovenskejedlo.sk\/?post_type=product&#038;p=637"},"modified":"2023-06-01T13:45:12","modified_gmt":"2023-06-01T11:45:12","slug":"vepro-knedlo-zelo","status":"publish","type":"product","link":"https:\/\/slovenskejedlo.sk\/?product=vepro-knedlo-zelo","title":{"rendered":"Vep\u0159o knedlo zelo"},"content":{"rendered":"<p>Vep\u0159o, knedlo, zelo &#8211; pe\u010den\u00e1 brav\u010dov\u00e1 krkovi\u010dka, dusen\u00e1 kapusta, kned\u013ea<\/p>\n","protected":false},"excerpt":{"rendered":"<p>Vep\u0159o, knedlo, zelo &#8211; pe\u010den\u00e1 brav\u010dov\u00e1 krkovi\u010dka, dusen\u00e1 kapusta, kned\u013ea <\/p>\n<p><a class=\"btn btn-primary foodo-read-more-link\" href=\"https:\/\/slovenskejedlo.sk\/?product=vepro-knedlo-zelo\">Read More&#8230;<\/a><\/p>\n","protected":false},"featured_media":661,"template":"","meta":[],"yoast_head":"<!-- This site is optimized with the Yoast SEO plugin v16.0.2 - https:\/\/yoast.com\/wordpress\/plugins\/seo\/ -->\n<title>Vep\u0159o knedlo zelo - Bratislavsk\u00e1 re\u0161taur\u00e1cia<\/title>\n<link rel=\"canonical\" href=\"https:\/\/slovenskejedlo.sk\/?product=vepro-knedlo-zelo\" \/>\n<meta property=\"og:locale\" content=\"sk_SK\" \/>\n<meta property=\"og:type\" content=\"article\" \/>\n<meta property=\"og:title\" content=\"Vep\u0159o knedlo zelo - Bratislavsk\u00e1 re\u0161taur\u00e1cia\" \/>\n<meta property=\"og:description\" content=\"Vep\u0159o, knedlo, zelo &#8211; pe\u010den\u00e1 brav\u010dov\u00e1 krkovi\u010dka, dusen\u00e1 kapusta, kned\u013ea Read More...\" \/>\n<meta property=\"og:url\" content=\"https:\/\/slovenskejedlo.sk\/?product=vepro-knedlo-zelo\" \/>\n<meta property=\"og:site_name\" content=\"Bratislavsk\u00e1 re\u0161taur\u00e1cia\" \/>\n<meta property=\"article:modified_time\" content=\"2023-06-01T11:45:12+00:00\" \/>\n<meta property=\"og:image\" content=\"https:\/\/slovenskejedlo.sk\/wp-content\/uploads\/2021\/03\/vepro-knedlo-scaled.jpg\" \/>\n\t<meta property=\"og:image:width\" content=\"2560\" \/>\n\t<meta property=\"og:image:height\" content=\"1707\" \/>\n<meta name=\"twitter:card\" content=\"summary_large_image\" \/>\n<script type=\"application\/ld+json\" class=\"yoast-schema-graph\">{\"@context\":\"https:\/\/schema.org\",\"@graph\":[{\"@type\":\"WebSite\",\"@id\":\"https:\/\/slovenskejedlo.sk\/#website\",\"url\":\"https:\/\/slovenskejedlo.sk\/\",\"name\":\"Bratislavsk\\u00e1 re\\u0161taur\\u00e1cia\",\"description\":\"Nie je iba pub, je to in\\u0161tit\\u00facia\",\"potentialAction\":[{\"@type\":\"SearchAction\",\"target\":\"https:\/\/slovenskejedlo.sk\/?s={search_term_string}\",\"query-input\":\"required name=search_term_string\"}],\"inLanguage\":\"sk-SK\"},{\"@type\":\"ImageObject\",\"@id\":\"https:\/\/slovenskejedlo.sk\/?product=vepro-knedlo-zelo#primaryimage\",\"inLanguage\":\"sk-SK\",\"url\":\"https:\/\/slovenskejedlo.sk\/wp-content\/uploads\/2021\/03\/vepro-knedlo-scaled.jpg\",\"width\":2560,\"height\":1707},{\"@type\":\"WebPage\",\"@id\":\"https:\/\/slovenskejedlo.sk\/?product=vepro-knedlo-zelo#webpage\",\"url\":\"https:\/\/slovenskejedlo.sk\/?product=vepro-knedlo-zelo\",\"name\":\"Vep\\u0159o knedlo zelo - Bratislavsk\\u00e1 re\\u0161taur\\u00e1cia\",\"isPartOf\":{\"@id\":\"https:\/\/slovenskejedlo.sk\/#website\"},\"primaryImageOfPage\":{\"@id\":\"https:\/\/slovenskejedlo.sk\/?product=vepro-knedlo-zelo#primaryimage\"},\"datePublished\":\"2021-03-21T11:31:39+00:00\",\"dateModified\":\"2023-06-01T11:45:12+00:00\",\"breadcrumb\":{\"@id\":\"https:\/\/slovenskejedlo.sk\/?product=vepro-knedlo-zelo#breadcrumb\"},\"inLanguage\":\"sk-SK\",\"potentialAction\":[{\"@type\":\"ReadAction\",\"target\":[\"https:\/\/slovenskejedlo.sk\/?product=vepro-knedlo-zelo\"]}]},{\"@type\":\"BreadcrumbList\",\"@id\":\"https:\/\/slovenskejedlo.sk\/?product=vepro-knedlo-zelo#breadcrumb\",\"itemListElement\":[{\"@type\":\"ListItem\",\"position\":1,\"item\":{\"@type\":\"WebPage\",\"@id\":\"https:\/\/slovenskejedlo.sk\/\",\"url\":\"https:\/\/slovenskejedlo.sk\/\",\"name\":\"Domovsk\\u00e1 str\\u00e1nka\"}},{\"@type\":\"ListItem\",\"position\":2,\"item\":{\"@type\":\"WebPage\",\"@id\":\"https:\/\/slovenskejedlo.sk\/?page_id=7\",\"url\":\"https:\/\/slovenskejedlo.sk\/?page_id=7\",\"name\":\"Jedl\\u00e1\"}},{\"@type\":\"ListItem\",\"position\":3,\"item\":{\"@type\":\"WebPage\",\"@id\":\"https:\/\/slovenskejedlo.sk\/?product=vepro-knedlo-zelo\",\"url\":\"https:\/\/slovenskejedlo.sk\/?product=vepro-knedlo-zelo\",\"name\":\"Vep\\u0159o knedlo zelo\"}}]}]}<\/script>\n<!-- \/ Yoast SEO plugin. -->","_links":{"self":[{"href":"https:\/\/slovenskejedlo.sk\/index.php?rest_route=\/wp\/v2\/product\/637"}],"collection":[{"href":"https:\/\/slovenskejedlo.sk\/index.php?rest_route=\/wp\/v2\/product"}],"about":[{"href":"https:\/\/slovenskejedlo.sk\/index.php?rest_route=\/wp\/v2\/types\/product"}],"version-history":[{"count":2,"href":"https:\/\/slovenskejedlo.sk\/index.php?rest_route=\/wp\/v2\/product\/637\/revisions"}],"predecessor-version":[{"id":639,"href":"https:\/\/slovenskejedlo.sk\/index.php?rest_route=\/wp\/v2\/product\/637\/revisions\/639"}],"wp:featuredmedia":[{"embeddable":true,"href":"https:\/\/slovenskejedlo.sk\/index.php?rest_route=\/wp\/v2\/media\/661"}],"wp:attachment":[{"href":"https:\/\/slovenskejedlo.sk\/index.php?rest_route=%2Fwp%2Fv2%2Fmedia&parent=637"}],"curies":[{"name":"wp","href":"https:\/\/api.w.org\/{rel}","templated":true}]}}

Vepřo knedlo zelo

<p>Vepřo, knedlo, zelo &#8211; pečená bravčová krkovička, dusená kapusta, knedľa</p>

<p>Vepřo, knedlo, zelo &#8211; pečená bravčová krkovička, dusená kapusta, knedľa </p>
<p><a class="btn btn-primary foodo-read-more-link" href="https://slovenskejedlo.sk/?product=vepro-knedlo-zelo">Read More&#8230;</a></p>

<!-- This site is optimized with the Yoast SEO plugin v16.0.2 - https://yoast.com/wordpress/plugins/seo/ -->
<title>Vepřo knedlo zelo - Bratislavská reštaurácia</title>
<link rel="canonical" href="https://slovenskejedlo.sk/?product=vepro-knedlo-zelo" />
<meta property="og:locale" content="sk_SK" />
<meta property="og:type" content="article" />
<meta property="og:title" content="Vepřo knedlo zelo - Bratislavská reštaurácia" />
<meta property="og:description" content="Vepřo, knedlo, zelo &#8211; pečená bravčová krkovička, dusená kapusta, knedľa Read More..." />
<meta property="og:url" content="https://slovenskejedlo.sk/?product=vepro-knedlo-zelo" />
<meta property="og:site_name" content="Bratislavská reštaurácia" />
<meta property="article:modified_time" content="2023-06-01T11:45:12+00:00" />
<meta property="og:image" content="https://slovenskejedlo.sk/wp-content/uploads/2021/03/vepro-knedlo-scaled.jpg" />
	<meta property="og:image:width" content="2560" />
	<meta property="og:image:height" content="1707" />
<meta name="twitter:card" content="summary_large_image" />
<script type="application/ld+json" class="yoast-schema-graph">{"@context":"https://schema.org","@graph":[{"@type":"WebSite","@id":"https://slovenskejedlo.sk/#website","url":"https://slovenskejedlo.sk/","name":"Bratislavsk\u00e1 re\u0161taur\u00e1cia","description":"Nie je iba pub, je to in\u0161tit\u00facia","potentialAction":[{"@type":"SearchAction","target":"https://slovenskejedlo.sk/?s={search_term_string}","query-input":"required name=search_term_string"}],"inLanguage":"sk-SK"},{"@type":"ImageObject","@id":"https://slovenskejedlo.sk/?product=vepro-knedlo-zelo#primaryimage","inLanguage":"sk-SK","url":"https://slovenskejedlo.sk/wp-content/uploads/2021/03/vepro-knedlo-scaled.jpg","width":2560,"height":1707},{"@type":"WebPage","@id":"https://slovenskejedlo.sk/?product=vepro-knedlo-zelo#webpage","url":"https://slovenskejedlo.sk/?product=vepro-knedlo-zelo","name":"Vep\u0159o knedlo zelo - Bratislavsk\u00e1 re\u0161taur\u00e1cia","isPartOf":{"@id":"https://slovenskejedlo.sk/#website"},"primaryImageOfPage":{"@id":"https://slovenskejedlo.sk/?product=vepro-knedlo-zelo#primaryimage"},"datePublished":"2021-03-21T11:31:39+00:00","dateModified":"2023-06-01T11:45:12+00:00","breadcrumb":{"@id":"https://slovenskejedlo.sk/?product=vepro-knedlo-zelo#breadcrumb"},"inLanguage":"sk-SK","potentialAction":[{"@type":"ReadAction","target":["https://slovenskejedlo.sk/?product=vepro-knedlo-zelo"]}]},{"@type":"BreadcrumbList","@id":"https://slovenskejedlo.sk/?product=vepro-knedlo-zelo#breadcrumb","itemListElement":[{"@type":"ListItem","position":1,"item":{"@type":"WebPage","@id":"https://slovenskejedlo.sk/","url":"https://slovenskejedlo.sk/","name":"Domovsk\u00e1 str\u00e1nka"}},{"@type":"ListItem","position":2,"item":{"@type":"WebPage","@id":"https://slovenskejedlo.sk/?page_id=7","url":"https://slovenskejedlo.sk/?page_id=7","name":"Jedl\u00e1"}},{"@type":"ListItem","position":3,"item":{"@type":"WebPage","@id":"https://slovenskejedlo.sk/?product=vepro-knedlo-zelo","url":"https://slovenskejedlo.sk/?product=vepro-knedlo-zelo","name":"Vep\u0159o knedlo zelo"}}]}]}</script>
<!-- / Yoast SEO plugin. -->
