{"id":645,"date":"2021-03-21T12:36:07","date_gmt":"2021-03-21T11:36:07","guid":{"rendered":"https:\/\/slovenskejedlo.sk\/?post_type=product&#038;p=645"},"modified":"2023-06-01T13:45:11","modified_gmt":"2023-06-01T11:45:11","slug":"grilovany-encian-na-ladovom-salate","status":"publish","type":"product","link":"https:\/\/slovenskejedlo.sk\/?product=grilovany-encian-na-ladovom-salate","title":{"rendered":"Grilovan\u00fd enci\u00e1n na \u013eadovom \u0161al\u00e1te"},"content":{"rendered":"<p>Grilovan\u00fd enci\u00e1n na \u013eadovom \u0161al\u00e1te 120g<\/p>\n","protected":false},"excerpt":{"rendered":"<p>Grilovan\u00fd enci\u00e1n na \u013eadovom \u0161al\u00e1te 120g <\/p>\n<p><a class=\"btn btn-primary foodo-read-more-link\" href=\"https:\/\/slovenskejedlo.sk\/?product=grilovany-encian-na-ladovom-salate\">Read More&#8230;<\/a><\/p>\n","protected":false},"featured_media":646,"template":"","meta":[],"yoast_head":"<!-- This site is optimized with the Yoast SEO plugin v16.0.2 - https:\/\/yoast.com\/wordpress\/plugins\/seo\/ -->\n<title>Grilovan\u00fd enci\u00e1n na \u013eadovom \u0161al\u00e1te - Bratislavsk\u00e1 re\u0161taur\u00e1cia<\/title>\n<link rel=\"canonical\" href=\"https:\/\/slovenskejedlo.sk\/?product=grilovany-encian-na-ladovom-salate\" \/>\n<meta property=\"og:locale\" content=\"sk_SK\" \/>\n<meta property=\"og:type\" content=\"article\" \/>\n<meta property=\"og:title\" content=\"Grilovan\u00fd enci\u00e1n na \u013eadovom \u0161al\u00e1te - Bratislavsk\u00e1 re\u0161taur\u00e1cia\" \/>\n<meta property=\"og:description\" content=\"Grilovan\u00fd enci\u00e1n na \u013eadovom \u0161al\u00e1te 120g Read More...\" \/>\n<meta property=\"og:url\" content=\"https:\/\/slovenskejedlo.sk\/?product=grilovany-encian-na-ladovom-salate\" \/>\n<meta property=\"og:site_name\" content=\"Bratislavsk\u00e1 re\u0161taur\u00e1cia\" \/>\n<meta property=\"article:modified_time\" content=\"2023-06-01T11:45:11+00:00\" \/>\n<meta property=\"og:image\" content=\"https:\/\/slovenskejedlo.sk\/wp-content\/uploads\/2021\/03\/Encia\u0301n-na-s\u030cala\u0301te.jpg\" \/>\n\t<meta property=\"og:image:width\" content=\"1975\" \/>\n\t<meta property=\"og:image:height\" content=\"1317\" \/>\n<meta name=\"twitter:card\" content=\"summary_large_image\" \/>\n<script type=\"application\/ld+json\" class=\"yoast-schema-graph\">{\"@context\":\"https:\/\/schema.org\",\"@graph\":[{\"@type\":\"WebSite\",\"@id\":\"https:\/\/slovenskejedlo.sk\/#website\",\"url\":\"https:\/\/slovenskejedlo.sk\/\",\"name\":\"Bratislavsk\\u00e1 re\\u0161taur\\u00e1cia\",\"description\":\"Nie je iba pub, je to in\\u0161tit\\u00facia\",\"potentialAction\":[{\"@type\":\"SearchAction\",\"target\":\"https:\/\/slovenskejedlo.sk\/?s={search_term_string}\",\"query-input\":\"required name=search_term_string\"}],\"inLanguage\":\"sk-SK\"},{\"@type\":\"ImageObject\",\"@id\":\"https:\/\/slovenskejedlo.sk\/?product=grilovany-encian-na-ladovom-salate#primaryimage\",\"inLanguage\":\"sk-SK\",\"url\":\"https:\/\/slovenskejedlo.sk\/wp-content\/uploads\/2021\/03\/Encia\\u0301n-na-s\\u030cala\\u0301te.jpg\",\"width\":1975,\"height\":1317},{\"@type\":\"WebPage\",\"@id\":\"https:\/\/slovenskejedlo.sk\/?product=grilovany-encian-na-ladovom-salate#webpage\",\"url\":\"https:\/\/slovenskejedlo.sk\/?product=grilovany-encian-na-ladovom-salate\",\"name\":\"Grilovan\\u00fd enci\\u00e1n na \\u013eadovom \\u0161al\\u00e1te - Bratislavsk\\u00e1 re\\u0161taur\\u00e1cia\",\"isPartOf\":{\"@id\":\"https:\/\/slovenskejedlo.sk\/#website\"},\"primaryImageOfPage\":{\"@id\":\"https:\/\/slovenskejedlo.sk\/?product=grilovany-encian-na-ladovom-salate#primaryimage\"},\"datePublished\":\"2021-03-21T11:36:07+00:00\",\"dateModified\":\"2023-06-01T11:45:11+00:00\",\"breadcrumb\":{\"@id\":\"https:\/\/slovenskejedlo.sk\/?product=grilovany-encian-na-ladovom-salate#breadcrumb\"},\"inLanguage\":\"sk-SK\",\"potentialAction\":[{\"@type\":\"ReadAction\",\"target\":[\"https:\/\/slovenskejedlo.sk\/?product=grilovany-encian-na-ladovom-salate\"]}]},{\"@type\":\"BreadcrumbList\",\"@id\":\"https:\/\/slovenskejedlo.sk\/?product=grilovany-encian-na-ladovom-salate#breadcrumb\",\"itemListElement\":[{\"@type\":\"ListItem\",\"position\":1,\"item\":{\"@type\":\"WebPage\",\"@id\":\"https:\/\/slovenskejedlo.sk\/\",\"url\":\"https:\/\/slovenskejedlo.sk\/\",\"name\":\"Domovsk\\u00e1 str\\u00e1nka\"}},{\"@type\":\"ListItem\",\"position\":2,\"item\":{\"@type\":\"WebPage\",\"@id\":\"https:\/\/slovenskejedlo.sk\/?page_id=7\",\"url\":\"https:\/\/slovenskejedlo.sk\/?page_id=7\",\"name\":\"Jedl\\u00e1\"}},{\"@type\":\"ListItem\",\"position\":3,\"item\":{\"@type\":\"WebPage\",\"@id\":\"https:\/\/slovenskejedlo.sk\/?product=grilovany-encian-na-ladovom-salate\",\"url\":\"https:\/\/slovenskejedlo.sk\/?product=grilovany-encian-na-ladovom-salate\",\"name\":\"Grilovan\\u00fd enci\\u00e1n na \\u013eadovom \\u0161al\\u00e1te\"}}]}]}<\/script>\n<!-- \/ Yoast SEO plugin. -->","_links":{"self":[{"href":"https:\/\/slovenskejedlo.sk\/index.php?rest_route=\/wp\/v2\/product\/645"}],"collection":[{"href":"https:\/\/slovenskejedlo.sk\/index.php?rest_route=\/wp\/v2\/product"}],"about":[{"href":"https:\/\/slovenskejedlo.sk\/index.php?rest_route=\/wp\/v2\/types\/product"}],"version-history":[{"count":2,"href":"https:\/\/slovenskejedlo.sk\/index.php?rest_route=\/wp\/v2\/product\/645\/revisions"}],"predecessor-version":[{"id":648,"href":"https:\/\/slovenskejedlo.sk\/index.php?rest_route=\/wp\/v2\/product\/645\/revisions\/648"}],"wp:featuredmedia":[{"embeddable":true,"href":"https:\/\/slovenskejedlo.sk\/index.php?rest_route=\/wp\/v2\/media\/646"}],"wp:attachment":[{"href":"https:\/\/slovenskejedlo.sk\/index.php?rest_route=%2Fwp%2Fv2%2Fmedia&parent=645"}],"curies":[{"name":"wp","href":"https:\/\/api.w.org\/{rel}","templated":true}]}}